 r = 9 + -6. Let s(v) be the first derivative of v**3/3 + v**2 - 2*v - 35. What is the units digit of s(r)?
3
Let x = 38 + -18. Suppose q = -q + x. What is the units digit of (-4)/(-2) - (6 - q)?
6
Suppose b + 0 = 8. Suppose -4*t = -b*t + 56. What is the units digit of t?
4
Let t(m) = -120*m - 4. What is the units digit of t(-4)?
6
Let y = 12 - 8. Let n be 2/y*(72 - 4). Let s = n - 15. What is the tens digit of s?
1
Let k = -3 + 6. Suppose -5*a + 27 = k*x - 37, -6 = -2*x. Let g = a - -9. What is the units digit of g?
0
Suppose 3*b = -2*b - 140. Let i = 76 + b. What is the tens digit of i?
4
Suppose 641 = 4*a + 101. Let o be 133 + (-3)/6*0. Suppose -b - 2*b + o = g, -a = -3*b - 3*g. What is the tens digit of b?
4
Let p = 8 - 14. Let c(i) be the third derivative of -i**6/120 - i**5/15 + i**4/3 + i**3 - 3*i**2 - 6*i. What is the tens digit of c(p)?
3
Let q be (0 - (21 - 3))/(3/(-12)). Let o(m) = 11*m**2 + 2*m. Let h be o(-2). Let r = q - h. What is the tens digit of r?
3
Let b(u) = -4*u**3 - 3*u**2 + 2*u + 5. Let r be b(-3). What is the tens digit of (27/(-12))/((-6)/r)?
3
Suppose 5*o - 13494 = -34*o. What is the units digit of o?
6
Let g(q) be the first derivative of q**5/15 + q**4/24 - 2*q**3/3 + 3*q**2/2 + 9. Let u(a) be the second derivative of g(a). What is the tens digit of u(3)?
3
Let v(n) = 3*n**3 - 3*n**2 - 11*n - 2. Let x(g) = g**3 - g**2 - 1. Let z(s) = v(s) - 2*x(s). What is the tens digit of z(5)?
4
Let s = 509 + -124. Suppose -26*v + 21*v = -s. What is the tens digit of v?
7
Let g be -2 + 16 - 5 - 1. Suppose g*q = 4*q + 980. What is the hundreds digit of q?
2
Let o(y) be the first derivative of y**4/4 + 5*y**3/3 - 2*y**2 - y + 1. Let b be o(-4). Suppose 7 = -c + b. What is the tens digit of c?
2
Let c(p) = 11*p**3 - 3*p**2 - 4*p + 2. Let g be (-22)/(-6) + 20/(-30). What is the tens digit of c(g)?
6
What is the hundreds digit of ((-428)/3)/(44/(-66))*2?
4
Suppose 2*t - 288 = -2*k, k + 4*t - 97 - 50 = 0. What is the units digit of k?
3
Let z(y) = 13*y + 24. What is the tens digit of z(19)?
7
Suppose -3*q = -4*f + 2557 - 8539, -4*q + 7976 = 5*f. What is the thousands digit of q?
1
Suppose -191 = -h + j, 0*h + 374 = 2*h - 4*j. Suppose c = 2, -5*c = z - 9*c + 12. What is the tens digit of (z/(-6))/(13/h)?
1
Let s = 1362 - 451. What is the units digit of s?
1
Suppose 80*z = 65*z + 2670. What is the hundreds digit of z?
1
Suppose -3*h - y + 2743 + 104 = 0, -5*h - 3*y = -4741. What is the units digit of h?
0
Let d(y) = 2*y + 25. Let g be d(-11). Suppose g = 4*a - 309. What is the tens digit of a?
7
What is the tens digit of (-8)/14 - (2 + (-29488)/56)?
2
Let j be ((-12)/8)/((-6)/(-8)). Let y = 5 + j. Suppose -3*f - y*h = -17 - 58, -3*f + 5*h + 67 = 0. What is the tens digit of f?
2
Let b be 2*-3*2/4. Let j be (-1)/(b/(-9)) - -5. What is the units digit of (-4)/(-8)*48*j?
8
Suppose -3*h = -2*h - r - 323, -5*r = 2*h - 625. What is the hundreds digit of h?
3
Suppose 4*o + 1 = -s - 0*s, 0 = -5*s + o + 79. Suppose 10*c = s*c - 920. What is the tens digit of c?
8
Let o(f) = -35*f - 9. Let n be o(-9). Suppose 0 = -18*d + 9*d + n. What is the tens digit of d?
3
Let q(w) = -564*w - 302. What is the hundreds digit of q(-11)?
9
Let c = -3 - -8. Let g be (-1)/5*3*c. What is the tens digit of g/((4 + -2)/(-10))?
1
Let f(p) be the first derivative of -1/4*p**4 - 7/2*p**2 - 5*p - 4 - 2*p**3. What is the units digit of f(-5)?
5
Suppose 0 = -u - 2*s + 1124, 2*u - 2*s + 1541 = 3807. What is the thousands digit of u?
1
Let i be 2836/24 - (-2)/(-12). Let j be (-2 + i)*(-1)/(-2). Let m = j + -40. What is the units digit of m?
8
Let o = -1476 + 2350. What is the tens digit of o?
7
Let g(w) = -w**3 + 2*w**2 + 9*w - 2. Let o be g(4). What is the units digit of (((-64)/12)/(-2))/(o/177)?
6
Suppose -4*j + 2620 = -4*b, b - 1311 = -2*j + 4*b. What is the tens digit of j?
5
Suppose 1107 + 2183 = 14*p. Let o = p + -168. What is the tens digit of o?
6
Let q(p) be the third derivative of -p**6/120 + 7*p**5/30 - p**4/4 + 17*p**3/6 - 11*p**2. What is the tens digit of q(13)?
0
What is the tens digit of (-22)/77 + (-10)/(-28)*6480?
1
Let a(s) = 63*s**2 + s + 2. Suppose 2 = -2*c - 2. What is the hundreds digit of a(c)?
2
What is the hundreds digit of (3/(9/194))/(2/15)?
4
Suppose -3*q + 267 = -z + 1616, -5*z + 5*q = -6715. What is the tens digit of z?
4
Let p(n) = -2*n + 496. What is the units digit of p(0)?
6
Suppose 2*d + r - 32 = 0, -3*d + 0*r = 2*r - 48. Let s = -14 + d. Suppose 32 + 22 = s*w. What is the tens digit of w?
2
Let c(n) = n**3 - 2*n**2 + 1. Let a be c(1). Suppose 0 = -6*v + 2*v - 2*h + 46, 5*v - h - 61 = a. What is the units digit of v?
2
Let f(q) = q. Let g(i) = 6*i**3 - 7*i. Let d(u) = -4*f(u) - g(u). Let t(a) be the second derivative of d(a). What is the tens digit of t(-1)?
3
Let w(a) = -2*a**3 + 3*a**2 - 15*a - 25. What is the thousands digit of w(-10)?
2
Let d = -16 - -2507. What is the units digit of d?
1
Let v(x) = -x**2 + 9*x + 12. Let f be v(10). What is the units digit of f/(-4)*-2*73?
3
Suppose -7*y - 3*r + 66 = -3*y, -4*r + 8 = 0. Let k = -16 - -39. Suppose 0 = u + 2*n - 19, y + k = 2*u - n. What is the units digit of u?
9
Let k(p) = p**3 + 9*p**2 + 7. Suppose 2*n - 1 = 2*j + 27, -3*j + 5*n = 52. Let z be 15/(-2) + j/6. What is the units digit of k(z)?
7
Let w(k) = -12*k + 9*k**2 + 5*k + 71*k**3 - 72*k**3 + 4. What is the units digit of w(6)?
0
Suppose -5*q = 3*b - 301, -3*b = -5*q - 0*q - 311. Let w = b - 45. What is the units digit of w?
7
Suppose 0 = 4*d - 2*d + 64. Let p be (-9)/(-2)*d/48. What is the tens digit of -129*(p/9 + 0)?
4
Let d = 4 + 6. Let q = 22 - d. Suppose -4*s + q = -60. What is the units digit of s?
8
Suppose -u = -2*f + 16 + 6, -26 = -3*f + 5*u. Suppose h = 0, -2*k + 160 + f = -5*h. What is the tens digit of k?
8
Suppose -87 = -4*m - 11. Suppose 588 = 3*q + 3*n, 4*q - 730 - m = 3*n. What is the tens digit of q?
9
Suppose -3*y + 5161 = 2*i, 8631 = 5*y - 5*i + i. What is the thousands digit of y?
1
Let f = -862 + 1216. What is the units digit of f?
4
Let t(f) = -37 + 10 - 15*f - 21. What is the hundreds digit of t(-21)?
2
Suppose -26*z + 2*j + 18884 = -21*z, -18896 = -5*z - 2*j. What is the hundreds digit of z?
7
Suppose -1646 = -5*s - 281. What is the hundreds digit of s?
2
Let y(j) = -j - 80. Let m be y(0). Let c be m/(-3)*54/45. What is the units digit of 848/c*1*2?
3
Let l(i) = 7*i**3 + 2*i - 2. Let h be l(1). Suppose 7 + 0 = h*c. What is the units digit of c?
1
Let j = 3075 + -999. What is the units digit of j?
6
Let y be (-6)/(-39) + 1051/13. Suppose -2*x + 105 = -y. What is the units digit of x?
3
Let n be -1 - -518 - -3*4/(-4). Suppose -11*m = -n - 762. What is the hundreds digit of m?
1
Let d be 1 + (2 - 5) - (1 - 42). What is the units digit of (6 + d)*42/10?
9
Let s = -61 - -84. Suppose 5 - 3 = -c. Let x = c + s. What is the units digit of x?
1
Let s(a) = a**2 + 5*a. Let x be s(-4). Let p(u) = u - 1. Let c(m) = -5*m - 12. Let n(v) = x*p(v) - c(v). What is the tens digit of n(0)?
1
Let u(h) = h + 30. Let s = -21 - -11. Let b = 10 + s. What is the tens digit of u(b)?
3
Let h = 9298 - 5986. What is the tens digit of h?
1
Suppose -240*o = -238*o - 1032. What is the units digit of o?
6
Let c = -9 - 14. Let b = c + 64. Suppose -4*k + 151 + b = 0. What is the tens digit of k?
4
Let j(c) = 2*c - 13. Let y be j(8). Suppose -4*l - y*l = -742. What is the tens digit of l?
0
Suppose -4*s + 5 = -2*s + p, 3*s - p = -5. Suppose s*u = 10*u - 630. What is the units digit of u?
3
Let w(x) = 15 - 46 + 13*x + 21. What is the hundreds digit of w(15)?
1
Let z(d) = -2*d + 50*d**3 + 49*d**3 - d**2 + 15 - 13. What is the tens digit of z(1)?
9
Suppose -h = -z + 2*z - 21, -3*z + 55 = 5*h. Suppose 3*v - 35 = -4*s, v = 6*v - z. Suppose 3*i - 5*i = 2*c - 62, s*c + 61 = i. What is the units digit of i?
6
Let m(n) be the second derivative of 17*n**4/6 - 2*n**2 + 15*n - 2. What is the tens digit of m(2)?
3
Let v = -831 - -2042. What is the hundreds digit of v?
2
Let p(q) = -q**3 + 2*q + 2. Let b(a) = a**3 - 22*a**2 - 23*a - 4. Let y be b(23). What is the units digit of p(y)?
8
Suppose 8*v - 10 = 6. Suppose -v*c + 385 + 187 = 0. What is the units digit of c?
6
Let a(t) = -101*t - 32. What is the hundreds digit of a(-4)?
3
Let t(h) = -h**3 - 7*h